{"id":2612,"date":"2021-10-04T07:13:14","date_gmt":"2021-10-04T07:13:14","guid":{"rendered":"https:\/\/9ac1e247-73ae-4bd8-b7b1-4eb962136b6e.h3.conves.io\/impressum\/"},"modified":"2026-07-20T10:40:20","modified_gmt":"2026-07-20T08:40:20","slug":"impressum","status":"publish","type":"page","link":"https:\/\/www.simic-speck.at\/hr\/impressum\/","title":{"rendered":"Pravna obavijest"},"content":{"rendered":"\n<p class=\"wp-block-paragraph\"><strong>Speckspezialit\u00e4ten Simic GmbH<\/strong><br>\nGewerbepark Trimmelkam 2<br>\n5120 Sankt Pantaleon<br>\nMobiltelefon +43 664 5357791<br>\nFax +43 6277 7730-14\n<\/p>\n\n\n\n<p class=\"wp-block-paragraph\"><a href=\"mailto:office@simic-speck.at\">office@simic-speck.at<\/a><\/p>\n\n\n\n<h4 class=\"wp-block-heading\"><strong>Name gem\u00e4\u00df Handelsregister<\/strong><\/h4>\n\n\n\n<p class=\"wp-block-paragraph\">Speckspezialit\u00e4ten Simic GmbH<\/p>\n\n\n\n<h4 class=\"wp-block-heading\"><strong>Ort der Zulassung<\/strong><\/h4>\n\n\n\n<p class=\"wp-block-paragraph\">Gewerbepark Trimmelkam 2, 5120 St. Pantaleon, \u00d6sterreich<\/p>\n\n\n\n<p class=\"wp-block-paragraph\"><strong>UID-Nr.<\/strong> ATU 679 54 779<\/p>\n\n\n\n<p class=\"wp-block-paragraph\"><strong>Rechtsform<\/strong> GmbH<\/p>\n\n\n\n<p class=\"wp-block-paragraph\"><strong>Handelsregisternummer<\/strong> 397 250 t<\/p>\n\n\n\n<p class=\"wp-block-paragraph\"><strong>Juristische Person<\/strong> Franjo Simic<\/p>\n\n\n\n<p class=\"wp-block-paragraph\"><strong>Unternehmensgegenstand<\/strong><br> Fleisch- und Wurstwaren <\/p>\n\n\n\n<p class=\"wp-block-paragraph\"><strong>Kammer\/Berufsverband-Zugeh\u00f6rigkeit(en)<\/strong><br> Wirtschaftskammer O\u00d6 <\/p>\n\n\n\n<p class=\"wp-block-paragraph\"><strong>Aufsichtsbeh\u00f6rde<\/strong><br> LG Ried im Innkreis <\/p>\n\n\n\n<p class=\"wp-block-paragraph\"><strong>Gewerbeordnung<\/strong><br> Anwendbare gewerbe- oder berufsrechtliche Vorschriften: Gewerbeordnung 1994, abrufbar unter http:\/\/www.ris.bka.gv.at <\/p>\n\n\n\n<p class=\"wp-block-paragraph\"><strong>Webdesign and Development<\/strong><br><a href=\"https:\/\/www.bitstudios.at\/webdesign-salzburg\/\" target=\"_blank\" rel=\"noopener\">bitSTUDIOS &#8211; Webdesign Agentur Salzburg<\/a><br><a href=\"https:\/\/www.bitstudios.at\/webdesign-graz-agentur\/\" target=\"_blank\" rel=\"noopener\">bitSTUDIOS &#8211; Webdesign Agentur Graz<\/a><\/p>\n\n\n\n<h2 class=\"wp-block-heading\"><strong>Haftungsausschluss<\/strong><\/h2>\n\n\n\n<h3 class=\"wp-block-heading\">Inhalt des Online-Angebots<\/h3>\n\n\n\n<p class=\"wp-block-paragraph\">Der Autor \u00fcbernimmt keine Gew\u00e4hr f\u00fcr die Aktualit\u00e4t, Zuverl\u00e4ssigkeit, Vollst\u00e4ndigkeit oder Qualit\u00e4t der bereitgestellten Informationen. Haftungsanspr\u00fcche gegen den Autor wegen materieller oder immaterieller Sch\u00e4den, die durch die Nutzung oder Nichtnutzung der bereitgestellten Informationen oder durch die Nutzung fehlerhafter oder unvollst\u00e4ndiger Informationen verursacht wurden, sind grunds\u00e4tzlich ausgeschlossen, es sei denn, dem Autor kann Vorsatz oder grobe Fahrl\u00e4ssigkeit nachgewiesen werden. Alle Angebote sind unverbindlich. Der Autor beh\u00e4lt sich das Recht vor, Teile der Seiten oder das gesamte Angebot ohne vorherige Ank\u00fcndigung zu \u00e4ndern, zu erg\u00e4nzen, zu l\u00f6schen oder die Ver\u00f6ffentlichung insgesamt einzustellen.<\/p>\n\n\n\n<h3 class=\"wp-block-heading\">Empfehlungen und Links<\/h3>\n\n\n\n<p class=\"wp-block-paragraph\">Hinsichtlich direkter oder indirekter Verweise auf fremde Webseiten (Links), die au\u00dferhalb des Verantwortungsbereichs des Autors liegen, w\u00fcrde eine Haftungsverpflichtung ausschlie\u00dflich in dem Fall in Kraft treten, in dem der Autor von den Inhalten Kenntnis hat und es ihm technisch m\u00f6glich und zumutbar w\u00e4re, die Nutzung rechtswidriger Inhalte zu verhindern. Der Autor erkl\u00e4rt hiermit ausdr\u00fccklich, dass zum Zeitpunkt der Verlinkung auf den verlinkten Seiten keine rechtswidrigen Inhalte erkennbar waren. Der Autor hat keinerlei Einfluss auf die aktuelle und zuk\u00fcnftige Gestaltung, die Inhalte oder die Urheberschaft der verlinkten Seiten. Aus diesem Grund distanziert sich der Autor hiermit ausdr\u00fccklich von allen Inhalten aller verlinkten Seiten, die seit der Verlinkung ver\u00e4ndert wurden. Diese Erkl\u00e4rung gilt f\u00fcr alle innerhalb des eigenen Online-Angebots des Autors gesetzten Links sowie f\u00fcr externe Eintr\u00e4ge in G\u00e4steb\u00fcchern, Diskussionsforen und der eigenen E-Mail-Adressliste des Autors. F\u00fcr illegale, fehlerhafte oder unvollst\u00e4ndige Inhalte und insbesondere f\u00fcr Sch\u00e4den, die aus der Nutzung solcher Informationen entstehen, haftet allein der Anbieter der Seite, auf die verwiesen wurde, und nicht derjenige, der \u00fcber Links lediglich auf diese Seite verweist.<\/p>\n\n\n\n<h3 class=\"wp-block-heading\">Urheberrecht und Kennzeichenrecht<\/h3>\n\n\n\n<p class=\"wp-block-paragraph\">Der Autor ist bestrebt, in allen Ver\u00f6ffentlichungen die Urheberrechte der verwendeten Grafiken, Audiodateien, Videosequenzen und Texte zu beachten, von ihm selbst erstellte Grafiken, Audiodateien, Videosequenzen und Texte zu nutzen oder auf lizenzfreie Grafiken, Audiodateien, Videosequenzen ohne Genehmigung zu nutzen sowie, soweit erforderlich, gesch\u00fctzte Marken oder Handelsnamen Dritter unter Beachtung der uneingeschr\u00e4nkten Bestimmungen des jeweils geltenden Markenrechts und der Eigentumsrechte der jeweiligen Inhaber zu verwenden. Allein aus einer Nennung l\u00e4sst sich nicht schlie\u00dfen, dass eine Marke nicht durch Rechte Dritter gesch\u00fctzt ist. Die Vervielf\u00e4ltigungsrechte f\u00fcr vom Autor selbst erstellte ver\u00f6ffentlichte Beitr\u00e4ge liegen ausschlie\u00dflich beim Seitenautor. Die Vervielf\u00e4ltigung und Verwendung solcher Grafiken, Audiodateien, Videosequenzen und Texte in anderen elektronischen oder gedruckten Publikationen ist ohne ausdr\u00fcckliche Zustimmung des Autors nicht gestattet.<\/p>\n\n\n\n<h3 class=\"wp-block-heading\">Datenschutz<\/h3>\n\n\n\n<p class=\"wp-block-paragraph\">Sofern innerhalb eines Online-Angebots die M\u00f6glichkeit zur Eingabe pers\u00f6nlicher oder gesch\u00e4ftlicher Daten (E-Mail-Adressen, Namen, Anschriften) besteht, erfolgt die Preisgabe dieser Daten seitens des Nutzers ausschlie\u00dflich auf freiwilliger Basis. Die Nutzung und Bezahlung aller angebotenen Dienste ist \u2013 soweit technisch m\u00f6glich \u2013 auch ohne Angabe solcher Daten bzw. unter Angabe anonymisierter Daten oder eines Pseudonyms gestattet. Die Nutzung der im Impressum oder in einem vergleichbaren Hinweis ver\u00f6ffentlichten Kontaktdaten wie Postanschriften, Telefon- oder Faxnummern sowie E-Mail-Adressen zur \u00dcbersendung von Informationen, die nicht ausdr\u00fccklich vom Empf\u00e4nger angefordert wurden, ist nicht gestattet. Rechtliche Schritte gegen den Absender sogenannter Spam-Nachrichten im Falle eines Versto\u00dfes gegen dieses Verbot bleiben ausdr\u00fccklich vorbehalten.<\/p>\n\n\n\n<h3 class=\"wp-block-heading\">G\u00fcltigkeit dieses Gew\u00e4hrleistungsausschlusses<\/h3>\n\n\n\n<p class=\"wp-block-paragraph\">Dieser Haftungsausschluss gilt als Bestandteil des Online-Angebots, \u00fcber das auf diese Seite hingewiesen wurde. Sollten Teile oder einzelne Bestimmungen dieses Textes nicht, nicht mehr oder nicht vollst\u00e4ndig gelten, bleiben die \u00fcbrigen Teile des Dokuments in ihrem Inhalt und ihrer G\u00fcltigkeit davon unber\u00fchrt.<\/p>\n\n\n\n<h3 class=\"wp-block-heading\">Google Analytics<\/h3>\n\n\n\n<p class=\"wp-block-paragraph\">Diese Website nutzt Google Analytics, einen Webanalysedienst der Google Inc. (\u201eGoogle\u201c). Google Analytics verwendet sogenannte \u201eCookies\u201c, Textdateien, die auf Ihrem Computer gespeichert werden und die eine Analyse Ihrer Nutzung der Website erm\u00f6glichen. Die durch die Cookies erzeugten Informationen \u00fcber Ihre Nutzung dieser Website (einschlie\u00dflich Ihrer IP-Adresse) werden an einen Server in den Vereinigten Staaten von Amerika \u00fcbertragen und dort gespeichert. Google wird diese Informationen nutzen, um Ihre Nutzung der Website auszuwerten, um Reports \u00fcber die Websiteaktivit\u00e4ten f\u00fcr den Websitebetreiber zusammenzustellen und um weitere mit der Nutzung der Website und der Internetdienste verbundene Dienstleistungen zu erbringen.<\/p>\n\n\n\n<h3 class=\"wp-block-heading\">Social PlugIns<\/h3>\n\n\n\n<p class=\"wp-block-paragraph\">Diese Website integriert Plugins f\u00fcr das soziale Netzwerk Facebook, betrieben von Facebook Inc., Menlo Park, Kalifornien, USA, in Form des \u201eGef\u00e4llt mir\u201c-Buttons. Das Plugin stellt eine direkte Verbindung zwischen dem Browser des Nutzers und dem Server von Facebook her. Auf diese Weise erfasst Facebook Informationen \u00fcber den Nutzer (insbesondere Datum und Uhrzeit des Seitenaufrufs sowie weitere browserbezogene Informationen) auf der Website. Klickt ein Nutzer auf den Facebook-\u201eGef\u00e4llt mir\u201c-Button, w\u00e4hrend er in seinem Facebook-Konto angemeldet ist, kann Facebook den Besuch der Website dem Profil des Nutzers zuordnen. Weitere Informationen finden Sie unter [http:\/\/www.facebook.com\/help\/186325668085084]. Mit dem Besuch dieser Website erkl\u00e4ren Sie sich ausdr\u00fccklich mit einer solchen Nutzung Ihrer Nutzerdaten einverstanden.<\/p>\n\n\n\n<p class=\"wp-block-paragraph\"><\/p>\n","protected":false},"excerpt":{"rendered":"<p>Speckspezialit\u00e4ten Simic GmbH Gewerbepark Trimmelkam 2 5120 Sankt Pantaleon Mobiltelefon +43 664 5357791 Fax +43 6277 7730-14 office@simic-speck.at Name gem\u00e4\u00df Handelsregister Speckspezialit\u00e4ten Simic GmbH Ort der Zulassung Gewerbepark Trimmelkam 2, 5120 St. Pantaleon, \u00d6sterreich UID-Nr. ATU 679 54 779 Rechtsform GmbH Handelsregisternummer 397 250 t Juristische Person Franjo Simic Unternehmensgegenstand Fleisch- und Wurstwaren Kammer\/Berufsverband-Zugeh\u00f6rigkeit(en) Wirtschaftskammer &#8230; <a title=\"Pravna obavijest\" class=\"read-more\" href=\"https:\/\/www.simic-speck.at\/hr\/impressum\/\" aria-label=\"More on Impressum\">Op\u0161irnije<\/a><\/p>","protected":false},"author":6,"featured_media":0,"parent":0,"menu_order":0,"comment_status":"closed","ping_status":"closed","template":"","meta":{"_acf_changed":false,"inline_featured_image":false,"footnotes":""},"class_list":["post-2612","page","type-page","status-publish"],"acf":[],"_links":{"self":[{"href":"https:\/\/www.simic-speck.at\/hr\/wp-json\/wp\/v2\/pages\/2612","targetHints":{"allow":["GET"]}}],"collection":[{"href":"https:\/\/www.simic-speck.at\/hr\/wp-json\/wp\/v2\/pages"}],"about":[{"href":"https:\/\/www.simic-speck.at\/hr\/wp-json\/wp\/v2\/types\/page"}],"author":[{"embeddable":true,"href":"https:\/\/www.simic-speck.at\/hr\/wp-json\/wp\/v2\/users\/6"}],"replies":[{"embeddable":true,"href":"https:\/\/www.simic-speck.at\/hr\/wp-json\/wp\/v2\/comments?post=2612"}],"version-history":[{"count":4,"href":"https:\/\/www.simic-speck.at\/hr\/wp-json\/wp\/v2\/pages\/2612\/revisions"}],"predecessor-version":[{"id":122043,"href":"https:\/\/www.simic-speck.at\/hr\/wp-json\/wp\/v2\/pages\/2612\/revisions\/122043"}],"wp:attachment":[{"href":"https:\/\/www.simic-speck.at\/hr\/wp-json\/wp\/v2\/media?parent=2612"}],"curies":[{"name":"wp","href":"https:\/\/api.w.org\/{rel}","templated":true}]}}

<p class="wp-block-paragraph"><strong>Speckspezialitäten Simic GmbH</strong><br>
Gewerbepark Trimmelkam 2<br>
5120 Sankt Pantaleon<br>
Mobiltelefon +43 664 5357791<br>
Fax +43 6277 7730-14
</p>



<p class="wp-block-paragraph"><a href="mailto:office@simic-speck.at">office@simic-speck.at</a></p>



<h4 class="wp-block-heading"><strong>Name gemäß Handelsregister</strong></h4>



<p class="wp-block-paragraph">Speckspezialitäten Simic GmbH</p>



<h4 class="wp-block-heading"><strong>Ort der Zulassung</strong></h4>



<p class="wp-block-paragraph">Gewerbepark Trimmelkam 2, 5120 St. Pantaleon, Österreich</p>



<p class="wp-block-paragraph"><strong>UID-Nr.</strong> ATU 679 54 779</p>



<p class="wp-block-paragraph"><strong>Rechtsform</strong> GmbH</p>



<p class="wp-block-paragraph"><strong>Handelsregisternummer</strong> 397 250 t</p>



<p class="wp-block-paragraph"><strong>Juristische Person</strong> Franjo Simic</p>



<p class="wp-block-paragraph"><strong>Unternehmensgegenstand</strong><br> Fleisch- und Wurstwaren </p>



<p class="wp-block-paragraph"><strong>Kammer/Berufsverband-Zugehörigkeit(en)</strong><br> Wirtschaftskammer OÖ </p>



<p class="wp-block-paragraph"><strong>Aufsichtsbehörde</strong><br> LG Ried im Innkreis </p>



<p class="wp-block-paragraph"><strong>Gewerbeordnung</strong><br> Anwendbare gewerbe- oder berufsrechtliche Vorschriften: Gewerbeordnung 1994, abrufbar unter http://www.ris.bka.gv.at </p>



<p class="wp-block-paragraph"><strong>Webdesign and Development</strong><br><a href="https://www.bitstudios.at/webdesign-salzburg/" target="_blank" rel="noopener">bitSTUDIOS &#8211; Webdesign Agentur Salzburg</a><br><a href="https://www.bitstudios.at/webdesign-graz-agentur/" target="_blank" rel="noopener">bitSTUDIOS &#8211; Webdesign Agentur Graz</a></p>



<h2 class="wp-block-heading"><strong>Haftungsausschluss</strong></h2>



<h3 class="wp-block-heading">Inhalt des Online-Angebots</h3>



<p class="wp-block-paragraph">Der Autor übernimmt keine Gewähr für die Aktualität, Zuverlässigkeit, Vollständigkeit oder Qualität der bereitgestellten Informationen. Haftungsansprüche gegen den Autor wegen materieller oder immaterieller Schäden, die durch die Nutzung oder Nichtnutzung der bereitgestellten Informationen oder durch die Nutzung fehlerhafter oder unvollständiger Informationen verursacht wurden, sind grundsätzlich ausgeschlossen, es sei denn, dem Autor kann Vorsatz oder grobe Fahrlässigkeit nachgewiesen werden. Alle Angebote sind unverbindlich. Der Autor behält sich das Recht vor, Teile der Seiten oder das gesamte Angebot ohne vorherige Ankündigung zu ändern, zu ergänzen, zu löschen oder die Veröffentlichung insgesamt einzustellen.</p>



<h3 class="wp-block-heading">Empfehlungen und Links</h3>



<p class="wp-block-paragraph">Hinsichtlich direkter oder indirekter Verweise auf fremde Webseiten (Links), die außerhalb des Verantwortungsbereichs des Autors liegen, würde eine Haftungsverpflichtung ausschließlich in dem Fall in Kraft treten, in dem der Autor von den Inhalten Kenntnis hat und es ihm technisch möglich und zumutbar wäre, die Nutzung rechtswidriger Inhalte zu verhindern. Der Autor erklärt hiermit ausdrücklich, dass zum Zeitpunkt der Verlinkung auf den verlinkten Seiten keine rechtswidrigen Inhalte erkennbar waren. Der Autor hat keinerlei Einfluss auf die aktuelle und zukünftige Gestaltung, die Inhalte oder die Urheberschaft der verlinkten Seiten. Aus diesem Grund distanziert sich der Autor hiermit ausdrücklich von allen Inhalten aller verlinkten Seiten, die seit der Verlinkung verändert wurden. Diese Erklärung gilt für alle innerhalb des eigenen Online-Angebots des Autors gesetzten Links sowie für externe Einträge in Gästebüchern, Diskussionsforen und der eigenen E-Mail-Adressliste des Autors. Für illegale, fehlerhafte oder unvollständige Inhalte und insbesondere für Schäden, die aus der Nutzung solcher Informationen entstehen, haftet allein der Anbieter der Seite, auf die verwiesen wurde, und nicht derjenige, der über Links lediglich auf diese Seite verweist.</p>



<h3 class="wp-block-heading">Urheberrecht und Kennzeichenrecht</h3>



<p class="wp-block-paragraph">Der Autor ist bestrebt, in allen Veröffentlichungen die Urheberrechte der verwendeten Grafiken, Audiodateien, Videosequenzen und Texte zu beachten, von ihm selbst erstellte Grafiken, Audiodateien, Videosequenzen und Texte zu nutzen oder auf lizenzfreie Grafiken, Audiodateien, Videosequenzen ohne Genehmigung zu nutzen sowie, soweit erforderlich, geschützte Marken oder Handelsnamen Dritter unter Beachtung der uneingeschränkten Bestimmungen des jeweils geltenden Markenrechts und der Eigentumsrechte der jeweiligen Inhaber zu verwenden. Allein aus einer Nennung lässt sich nicht schließen, dass eine Marke nicht durch Rechte Dritter geschützt ist. Die Vervielfältigungsrechte für vom Autor selbst erstellte veröffentlichte Beiträge liegen ausschließlich beim Seitenautor. Die Vervielfältigung und Verwendung solcher Grafiken, Audiodateien, Videosequenzen und Texte in anderen elektronischen oder gedruckten Publikationen ist ohne ausdrückliche Zustimmung des Autors nicht gestattet.</p>



<h3 class="wp-block-heading">Datenschutz</h3>



<p class="wp-block-paragraph">Sofern innerhalb eines Online-Angebots die Möglichkeit zur Eingabe persönlicher oder geschäftlicher Daten (E-Mail-Adressen, Namen, Anschriften) besteht, erfolgt die Preisgabe dieser Daten seitens des Nutzers ausschließlich auf freiwilliger Basis. Die Nutzung und Bezahlung aller angebotenen Dienste ist – soweit technisch möglich – auch ohne Angabe solcher Daten bzw. unter Angabe anonymisierter Daten oder eines Pseudonyms gestattet. Die Nutzung der im Impressum oder in einem vergleichbaren Hinweis veröffentlichten Kontaktdaten wie Postanschriften, Telefon- oder Faxnummern sowie E-Mail-Adressen zur Übersendung von Informationen, die nicht ausdrücklich vom Empfänger angefordert wurden, ist nicht gestattet. Rechtliche Schritte gegen den Absender sogenannter Spam-Nachrichten im Falle eines Verstoßes gegen dieses Verbot bleiben ausdrücklich vorbehalten.</p>



<h3 class="wp-block-heading">Gültigkeit dieses Gewährleistungsausschlusses</h3>



<p class="wp-block-paragraph">Dieser Haftungsausschluss gilt als Bestandteil des Online-Angebots, über das auf diese Seite hingewiesen wurde. Sollten Teile oder einzelne Bestimmungen dieses Textes nicht, nicht mehr oder nicht vollständig gelten, bleiben die übrigen Teile des Dokuments in ihrem Inhalt und ihrer Gültigkeit davon unberührt.</p>



<h3 class="wp-block-heading">Google Analytics</h3>



<p class="wp-block-paragraph">Diese Website nutzt Google Analytics, einen Webanalysedienst der Google Inc. („Google“). Google Analytics verwendet sogenannte „Cookies“, Textdateien, die auf Ihrem Computer gespeichert werden und die eine Analyse Ihrer Nutzung der Website ermöglichen. Die durch die Cookies erzeugten Informationen über Ihre Nutzung dieser Website (einschließlich Ihrer IP-Adresse) werden an einen Server in den Vereinigten Staaten von Amerika übertragen und dort gespeichert. Google wird diese Informationen nutzen, um Ihre Nutzung der Website auszuwerten, um Reports über die Websiteaktivitäten für den Websitebetreiber zusammenzustellen und um weitere mit der Nutzung der Website und der Internetdienste verbundene Dienstleistungen zu erbringen.</p>



<h3 class="wp-block-heading">Social PlugIns</h3>



<p class="wp-block-paragraph">Diese Website integriert Plugins für das soziale Netzwerk Facebook, betrieben von Facebook Inc., Menlo Park, Kalifornien, USA, in Form des „Gefällt mir“-Buttons. Das Plugin stellt eine direkte Verbindung zwischen dem Browser des Nutzers und dem Server von Facebook her. Auf diese Weise erfasst Facebook Informationen über den Nutzer (insbesondere Datum und Uhrzeit des Seitenaufrufs sowie weitere browserbezogene Informationen) auf der Website. Klickt ein Nutzer auf den Facebook-„Gefällt mir“-Button, während er in seinem Facebook-Konto angemeldet ist, kann Facebook den Besuch der Website dem Profil des Nutzers zuordnen. Weitere Informationen finden Sie unter [http://www.facebook.com/help/186325668085084]. Mit dem Besuch dieser Website erklären Sie sich ausdrücklich mit einer solchen Nutzung Ihrer Nutzerdaten einverstanden.</p>



<p class="wp-block-paragraph"></p>

<p>Speckspezialitäten Simic GmbH Gewerbepark Trimmelkam 2 5120 Sankt Pantaleon Mobiltelefon +43 664 5357791 Fax +43 6277 7730-14 office@simic-speck.at Name gemäß Handelsregister Speckspezialitäten Simic GmbH Ort der Zulassung Gewerbepark Trimmelkam 2, 5120 St. Pantaleon, Österreich UID-Nr. ATU 679 54 779 Rechtsform GmbH Handelsregisternummer 397 250 t Juristische Person Franjo Simic Unternehmensgegenstand Fleisch- und Wurstwaren Kammer/Berufsverband-Zugehörigkeit(en) Wirtschaftskammer &#8230; <a title="Pravna obavijest" class="read-more" href="https://www.simic-speck.at/hr/impressum/" aria-label="More on Impressum">Opširnije</a></p>
